24*y. Let w = -1 + -1. What is i(w)?
6
Let m(r) = -r**2 - 7*r - 8. Let n(t) = 399*t - 3. Let c be n(1). Let z be (-4)/(-14) - c/63. Determine m(z).
-2
Let v(w) = -w - 6. Let o(z) = 5*z - 20. Let f be o(14). Let t be (-1)/(2*5/f). Determine v(t).
-1
Let b(f) = f**3 + 5*f**2 + f + 1. Let p(u) = -u**2 + 1. Let n be p(0). Let i be 1/((-8)/(-10) - n). Determine b(i).
-4
Let v(s) = -3*s + 17. Suppose -h - 4*b = -19, 2*b = h - 30 + 29. What is v(h)?
-4
Let k(w) = 60*w - 2. Let a be k(0). Let r(u) = -5*u**3 - u**2. What is r(a)?
36
Let m(u) = u**3 + u - 2. Let n be m(0). Let q = n - -5. Let s(w) = 7*w**2 - 15*w + 9. Let b(z) = -13*z**2 + 28*z - 17. Let c(f) = -6*b(f) - 11*s(f). Give c(q).
3
Suppose 0 = -6*d - 77 + 107. Let f(z) = z - 5. Determine f(d).
0
Let a = 250 + -244. Let f(u) = -u**2 + 13*u - 7. Determine f(a).
35
Let j(m) = -63*m - 120. Let u be j(-2). Let n = 40 - 28. Let y = u - n. Let w(o) = -o - 5. Give w(y).
1
Let q(x) be the third derivative of x**6/120 + x**5/15 - 7*x**4/24 - 7*x**3/6 - 202*x**2. Give q(-6).
-37
Let b(d) = d - 9. Let s(l) = -l**3 - 15*l**2 + l + 19. Let q be s(-15). Give b(q).
-5
Let w be (-3)/12 + 1/4. Let u(r) = 5*r + w*r**2 + 0*r**2 - 1 + r**2. Let l(b) = -2*b**3 + b - 4. Let c be l(1). Calculate u(c).
-1
Suppose 12*y = 8*y - 244. Let k = -56 - y. Let x(p) = p. What is x(k)?
5
Let l(x) be the third derivative of x**7/2520 + x**6/180 - x**5/120 + x**4/4 - 21*x**2. Let s(i) be the second derivative of l(i). What is s(-6)?
11
Let n = -420 + 415. Let u(p) = p**3 + 5*p**2 - 3. Give u(n).
-3
Let l(u) = u - 21. Suppose 3*h + 62*k - 9 = 57*k, 3*h = 2*k + 30. Calculate l(h).
-13
Suppose 5*p = p - 20, 10 = 5*j + 5*p. Let o be -2 - j/((-7)/(-3)). Let w(n) = n**2 + 5*n - 2. Give w(o).
-2
Let d(i) = -i**3 - 5*i**2 - 5*i - 6. Let h = -15 + -30. Let j = h - -27. Let w be 10/(-25) - j/(-5). What is d(w)?
-2
Let x(v) be the third derivative of v**4/6 - 7*v**3/6 - 7*v**2 + 1. Let d(b) = -5*b + 9. Let k(w) = -2*d(w) - 3*x(w). What is k(5)?
-7
Let k(j) = -j**3 + 3*j**2 + 4. Let i(u) = -3*u**3 + 5*u**2 + 8. Let r(c) = -2*i(c) + 5*k(c). Let p(a) = -7*a + 2. Let g be p(1). Determine r(g).
4
Let k(w) = -w**3 - 6*w**2 + 4*w - 27. Let u be k(-7). Let l(s) = -s**2 - 6*s + 5. Determine l(u).
5
Let b = 217 + -217. Let p(w) = w**2 + 1. Let v(q) = -2*q**2 - 10. Let c(m) = 5*p(m) + v(m). Let s(a) = -2*a**2 + 5. Let d(o) = -3*c(o) - 4*s(o). What is d(b)?
-5
Let h(q) be the third derivative of -q**5/60 - 5*q**4/24 - q**3/6 - 3*q**2 + 40. Suppose p - 27 = -2*p + 2*z, 3*p - 27 = 4*z. Let d = 5 - p. Calculate h(d).
3
Suppose -6 = -3*t - 0. Let p(a) = -64 + 12*a**t - 60 + 125. Determine p(-1).
13
Let y(b) = -b**3 + 6*b**2 - 4*b - 5. Let n be y(4). Let k(f) = n + 11 - f - 23. Let i(p) = p + 2. Let d(g) = -3*i(g) - 5*k(g). Calculate d(3).
5
Let r(k) be the second derivative of -k**3/6 - k**2/2 - 48*k. Give r(-1).
0
Let d(j) be the first derivative of -2*j**3/3 + 2*j**2 + j + 10. Let z be 3/(-2*1/(-2)). Give d(z).
-5
Let p(s) = -s**2 - s - 4. Let n be 2 + (-6 - -4) - -3. Suppose -n*l - f - 8 = 0, 5*l - 5*f - 19 = -59. Give p(l).
-16
Suppose -73 = -2*t - l + 4*l, -30 = -t - 5*l. Suppose -3*w + 10*w = -t. Let d(z) be the first derivative of -z**3/3 - 3*z**2/2 + 7*z - 2. Calculate d(w).
-3
Let r(c) be the third derivative of c**4/12 + 32*c**2. Let h = -13 - -2. Let i = h + 7. Calculate r(i).
-8
Let v(w) = -w**2 - w. Let u = 17 - 8. Suppose -u*t + 8*t - 4 = 0. Let h be 48/28 - t/14. Calculate v(h).
-6
Let v(s) = -s**3 + 7*s**2 + 11*s - 5. Let h be v(8). Let c = -15 + h. Suppose -c*j = 3*w - 2 + 1, 3*j - 12 = 0. Let u(g) = -g - 5. What is u(w)?
0
Let g(p) = p**2 + 5 + 11 - 11*p - 10. Determine g(11).
6
Let v(g) be the second derivative of -g**4/12 - 3*g**3/2 - 9*g**2/2 - 43*g - 1. Calculate v(-6).
9
Let g(u) be the first derivative of -u**4/12 - 3*u**3/2 - 3*u**2 - 30*u - 41. Let r(f) be the first derivative of g(f). Calculate r(-9).
-6
Let z(d) = -d**3 + 7*d**2 - 7*d - 4. Let a be z(6). Let b = a + 16. Let w(s) = -s**2 + 7*s - 3. Calculate w(b).
3
Suppose -15 = -h - 4*h. Let b(g) = -17*g**3 - 12*g**2 - 5*g + 10. Let o(w) = 31*w**3 + 23*w**2 + 9*w - 19. Let s(i) = 11*b(i) + 6*o(i). What is s(h)?
20
Suppose 1 + 1 = -p, a = 2*p - 48. Let y = a - -53. Let h(t) = -t**2 + 2*t - 1. Give h(y).
0
Let h(q) = -2 + 5 - 255*q + 507*q - 254*q. Give h(8).
-13
Let r = -20 + 24. Suppose 12 = 2*i - 3*q + r*q, 4*i = -q + 22. Let d(p) = -p**2 + 5*p + 1. Calculate d(i).
1
Let c(j) = 9 - j**2 - j - 6*j + 2*j. Let z be c(-7). Let i(t) = 5*t**2 - 15*t - 20. Let l(n) = -2*n**2 + 5*n + 7. Let u(y) = -3*i(y) - 8*l(y). Give u(z).
4
Suppose 2*x = -2*x + 4*c - 20, 5 = 5*x + 5*c. Let t(u) = 2*u. Let l be t(x). Let g(a) = -2*a - 6. Calculate g(l).
2
Let j(n) = 6*n**3 - n**2 + 1. Suppose -23*b - 160 = -25*b. Let k = -81 + b. Give j(k).
-6
Let g(w) = -11*w - 5. Let x(b) = -39*b - 13. Let d(f) = -7*g(f) + 2*x(f). Calculate d(-7).
16
Let g(j) be the first derivative of -j**3/3 - 5*j**2/2 - 11*j - 488. Determine g(-5).
-11
Let w(x) be the second derivative of -10*x - 1/6*x**3 + 0 - 1/2*x**2. Determine w(-1).
0
Let x(i) = -4 + 13*i - 31*i - 2 + 17*i. Suppose h + 4*h = -30. What is x(h)?
0
Let z(m) = m - 5. Suppose -19*r + 6*r = -26. Calculate z(r).
-3
Let j(u) = -8*u + 37. Let w(b) = 23*b - 104. Let t(s) = -17*j(s) - 6*w(s). What is t(-3)?
1
Let r(u) be the third derivative of u**6/30 + u**5/30 - u**3/6 - 5*u**2. Let h be (-14)/(-4) - (-6)/(-4). Suppose 2*k = -h*k - 4. Give r(k).
-3
Let w(q) = 3*q**3 + 2*q**2 - 1. Let m be w(1). Suppose -i - 12 = -3*x + 4, m*x = i + 20. Let v(n) = -n**3 - 3*n**2 + 3*n + 1. What is v(i)?
5
Let a(i) = 4*i + 4. Suppose -8 - 9 = -d. Suppose 3*v + 29 = d. Give a(v).
-12
Let x be -2*5*(1 - 9/15). Let y(m) = 2*m**2 + 6*m + 4. Determine y(x).
12
Let s(w) = 8*w**2 + 17*w - 16. Let q(m) = -7*m**2 - 16*m + 13. Let z(h) = -7*q(h) - 6*s(h). Calculate z(-9).
-4
Let l be 28/42*(-1 + -2). Let j(b) be the third derivative of b**5/30 + b**4/12 + b**3/6 - 6*b**2 + 2*b. What is j(l)?
5
Suppose -3 = j - 0*j, 0 = -4*i + j - 5. Let f be (4/4)/(1 + i). Let y(r) = -3*r**2 - r. Determine y(f).
-2
Let n(r) = -r**3 + 2*r**2 - r - 1. Let t(h) = -h**2 + 1. Let q(d) = n(d) + t(d). Suppose -p - 2 = -3. Determine q(p).
-1
Let a(j) = j**2 + 17*j - 10. Let b(u) = -u**2 - 19*u + 11. Let v(q) = 6*a(q) + 5*b(q). Give v(-8).
3
Let t(l) be the first derivative of -l**4/4 - 2*l**3 - l**2/2 + 4*l + 211. What is t(-3)?
-20
Let a(t) = t**3 - t**2 + 2. Let n(h) = 16*h + 32. Let c be n(-2). Determine a(c).
2
Suppose -18 = -5*j - 3. Let o(m) = 5*m**2 - 1 + 3*m + 2 - 7*m - m**j. Let u be ((-9)/4)/((-6)/8). Determine o(u).
7
Let a(r) = -5 + 3*r**2 + r + 3*r**2 + 0*r**2 + r**2 - 6*r**2. Determine a(4).
15
Let w(z) = -23*z**2 + 5 + 24*z**2 + 2*z + 0*z + 3*z. Let u be w(-5). Let r(t) = t**3 - 5*t**2 - 1. Determine r(u).
-1
Let j(x) = -13. Let h(i) = i - 13. Let p(t) = 3*h(t) - 2*j(t). Let l be p(3). Let r(b) = -2*b + 5. What is r(l)?
13
Let l(j) = j**2 + 8*j + 6. Suppose -16 = -19*d + 15*d. Suppose -2*h = 3*v + v + 14, -d*h - 4*v = 24. Determine l(h).
-9
Let p(b) = b**2 - 3*b - 2. Suppose -2*o = -l + 2 - 6, 5*o = -4*l + 23. Let k be 15/20 - l/(-8). Suppose -9 = -2*r - k. Determine p(r).
2
Let y(p) = p**2 - 3*p - 3. Let x be 4/(16/20) - 4. Suppose b - 3 - x = 0. Give y(b).
1
Let v(w) = -w**3 + 18*w**2 + 2*w - 41. Suppose -4*l - 31 = -103. Give v(l).
-5
Suppose 47*g = 53*g - 18. Let h(c) = 5*c + c**g - 9*c + c**2 + c**2 + 0*c - 2. What is h(-3)?
1
Let x be -1 + 0/(2/(-1)). Let b(v) = 1 - 39*v - v**3 - 3*v**3 + 40*v. What is b(x)?
4
Suppose -5*w + 50 = -15*w. Let h(z) = 5*z. Determine h(w).
-25
Let f(v) be the third derivative of v**5/60 + 7*v**4/24 + 7*v**3/6 + v**2. Suppose -13 = 20*s - 19*s. Let y = s + 7. What is f(y)?
1
Suppose -2*p = f + 13, 3*p - 15 = 8*p - f. Let w be -1*(-4 - (-4)/p). Let h(u) = -u**3 + 3*u**2 + 8*u - 3. What is h(w)?
-13
Let r(s) be the second derivative of s**5/10 + s**4/4 - s**2 - 4*s. Let z be r(-2). Let a(q) = q**3 + 6*q**2 - 4*q - 8. What is a(z)?
16
Let z(t) = -32*t**2 - 3312 - 25*t**2 - t**3 + 4*t + 3313 + 55*t**2. Let v be -4*1/(-2) - 5. Calculate z(v).
-2
Let x(t) = 11*t + 1. Let s(z) = -12*z - 1. Let h(p) = 5*s(p) + 4*x(p). Let k = 5 + -6. Determine h(k).
15
Let y(h) = -7*h - 7